{"id":2427,"date":"2025-08-26T12:22:50","date_gmt":"2025-08-26T10:22:50","guid":{"rendered":"https:\/\/www.lamberetshop.com\/?post_type=product&#038;p=2427"},"modified":"2026-01-09T10:11:54","modified_gmt":"2026-01-09T09:11:54","slug":"porte-cles-en-bois-bleu-lamberet","status":"publish","type":"product","link":"https:\/\/www.lamberetshop.com\/en\/product\/porte-cles-en-bois-bleu-lamberet\/","title":{"rendered":"Porte-cl\u00e9s en bois bleu Lamberet"},"content":{"rendered":"<ul>\n<li>Porte cl\u00e9s au design de camion<\/li>\n<li>Dimension\u00a0: 2.9 x 7.1 x 0.6 cm<\/li>\n<li>Bois naturel<\/li>\n<li>Finition bicolore<\/li>\n<li>Porte-cl\u00e9 avec anneau et cha\u00eene m\u00e9tal<\/li>\n<li>Fabrication europe<\/li>\n<\/ul>","protected":false},"excerpt":{"rendered":"<p>Porte cl\u00e9s au design de camion Dimension\u00a0: 2.9 x 7.1 x 0.6 cm Bois naturel Finition bicolore Porte-cl\u00e9 avec anneau et cha\u00eene m\u00e9tal Fabrication europe<\/p>","protected":false},"featured_media":2448,"template":"","meta":{"site-sidebar-layout":"default","site-content-layout":"default","ast-global-header-display":"","ast-main-header-display":"","ast-hfb-above-header-display":"","ast-hfb-below-header-display":"","ast-hfb-mobile-header-display":"","site-post-title":"","ast-breadcrumbs-content":"","ast-featured-img":"","footer-sml-layout":"","theme-transparent-header-meta":"default","adv-header-id-meta":"","stick-header-meta":"","header-above-stick-meta":"","header-main-stick-meta":"","header-below-stick-meta":""},"product_brand":[],"product_cat":[21,20],"product_tag":[],"class_list":{"0":"post-2427","1":"product","2":"type-product","3":"status-publish","4":"has-post-thumbnail","6":"product_cat-goodies","7":"product_cat-tous-les-produits","9":"first","10":"instock","11":"taxable","12":"shipping-taxable","13":"purchasable","14":"product-type-simple"},"yoast_head":"<!-- This site is optimized with the Yoast SEO plugin v27.5 - https:\/\/yoast.com\/product\/yoast-seo-wordpress\/ -->\n<title>Porte-cl\u00e9s en bois bleu Lamberet - Lamberet Shop<\/title>\n<meta name=\"robots\" content=\"index, follow, max-snippet:-1, max-image-preview:large, max-video-preview:-1\" \/>\n<link rel=\"canonical\" href=\"https:\/\/www.lamberetshop.com\/en\/product\/porte-cles-en-bois-bleu-lamberet\/\" \/>\n<meta property=\"og:locale\" content=\"en_GB\" \/>\n<meta property=\"og:type\" content=\"article\" \/>\n<meta property=\"og:title\" content=\"Porte-cl\u00e9s en bois bleu Lamberet - Lamberet Shop\" \/>\n<meta property=\"og:description\" content=\"Porte cl\u00e9s au design de camion Dimension\u00a0: 2.9 x 7.1 x 0.6 cm Bois naturel Finition bicolore Porte-cl\u00e9 avec anneau et cha\u00eene m\u00e9tal Fabrication europe\" \/>\n<meta property=\"og:url\" content=\"https:\/\/www.lamberetshop.com\/en\/product\/porte-cles-en-bois-bleu-lamberet\/\" \/>\n<meta property=\"og:site_name\" content=\"Lamberet Shop\" \/>\n<meta property=\"article:modified_time\" content=\"2026-01-09T09:11:54+00:00\" \/>\n<meta property=\"og:image\" content=\"https:\/\/www.lamberetshop.com\/wp-content\/uploads\/2025\/07\/porte-clef-2.png\" \/>\n\t<meta property=\"og:image:width\" content=\"1600\" \/>\n\t<meta property=\"og:image:height\" content=\"1600\" \/>\n\t<meta property=\"og:image:type\" content=\"image\/png\" \/>\n<meta name=\"twitter:card\" content=\"summary_large_image\" \/>\n<meta name=\"twitter:label1\" content=\"Estimated reading time\" \/>\n\t<meta name=\"twitter:data1\" content=\"1 minute\" \/>\n<script type=\"application\/ld+json\" class=\"yoast-schema-graph\">{\"@context\":\"https:\\\/\\\/schema.org\",\"@graph\":[{\"@type\":\"WebPage\",\"@id\":\"https:\\\/\\\/www.lamberetshop.com\\\/produit\\\/porte-cles-en-bois-bleu-lamberet\\\/\",\"url\":\"https:\\\/\\\/www.lamberetshop.com\\\/produit\\\/porte-cles-en-bois-bleu-lamberet\\\/\",\"name\":\"Porte-cl\u00e9s en bois bleu Lamberet - Lamberet Shop\",\"isPartOf\":{\"@id\":\"https:\\\/\\\/www.lamberetshop.com\\\/#website\"},\"primaryImageOfPage\":{\"@id\":\"https:\\\/\\\/www.lamberetshop.com\\\/produit\\\/porte-cles-en-bois-bleu-lamberet\\\/#primaryimage\"},\"image\":{\"@id\":\"https:\\\/\\\/www.lamberetshop.com\\\/produit\\\/porte-cles-en-bois-bleu-lamberet\\\/#primaryimage\"},\"thumbnailUrl\":\"https:\\\/\\\/www.lamberetshop.com\\\/wp-content\\\/uploads\\\/2025\\\/07\\\/porte-clef-2.png\",\"datePublished\":\"2025-08-26T10:22:50+00:00\",\"dateModified\":\"2026-01-09T09:11:54+00:00\",\"breadcrumb\":{\"@id\":\"https:\\\/\\\/www.lamberetshop.com\\\/produit\\\/porte-cles-en-bois-bleu-lamberet\\\/#breadcrumb\"},\"inLanguage\":\"en-GB\",\"potentialAction\":[{\"@type\":\"ReadAction\",\"target\":[\"https:\\\/\\\/www.lamberetshop.com\\\/produit\\\/porte-cles-en-bois-bleu-lamberet\\\/\"]}]},{\"@type\":\"ImageObject\",\"inLanguage\":\"en-GB\",\"@id\":\"https:\\\/\\\/www.lamberetshop.com\\\/produit\\\/porte-cles-en-bois-bleu-lamberet\\\/#primaryimage\",\"url\":\"https:\\\/\\\/www.lamberetshop.com\\\/wp-content\\\/uploads\\\/2025\\\/07\\\/porte-clef-2.png\",\"contentUrl\":\"https:\\\/\\\/www.lamberetshop.com\\\/wp-content\\\/uploads\\\/2025\\\/07\\\/porte-clef-2.png\",\"width\":1600,\"height\":1600},{\"@type\":\"BreadcrumbList\",\"@id\":\"https:\\\/\\\/www.lamberetshop.com\\\/produit\\\/porte-cles-en-bois-bleu-lamberet\\\/#breadcrumb\",\"itemListElement\":[{\"@type\":\"ListItem\",\"position\":1,\"name\":\"Accueil\",\"item\":\"https:\\\/\\\/www.lamberetshop.com\\\/\"},{\"@type\":\"ListItem\",\"position\":2,\"name\":\"Tous les produits\",\"item\":\"https:\\\/\\\/www.lamberetshop.com\\\/elementor-370\\\/\"},{\"@type\":\"ListItem\",\"position\":3,\"name\":\"Porte-cl\u00e9s en bois bleu Lamberet\"}]},{\"@type\":\"WebSite\",\"@id\":\"https:\\\/\\\/www.lamberetshop.com\\\/#website\",\"url\":\"https:\\\/\\\/www.lamberetshop.com\\\/\",\"name\":\"Lamberet Shop\",\"description\":\"Avec Lamberet, faites votre shopping\",\"publisher\":{\"@id\":\"https:\\\/\\\/www.lamberetshop.com\\\/#organization\"},\"potentialAction\":[{\"@type\":\"SearchAction\",\"target\":{\"@type\":\"EntryPoint\",\"urlTemplate\":\"https:\\\/\\\/www.lamberetshop.com\\\/?s={search_term_string}\"},\"query-input\":{\"@type\":\"PropertyValueSpecification\",\"valueRequired\":true,\"valueName\":\"search_term_string\"}}],\"inLanguage\":\"en-GB\"},{\"@type\":\"Organization\",\"@id\":\"https:\\\/\\\/www.lamberetshop.com\\\/#organization\",\"name\":\"Lamberet Shop\",\"url\":\"https:\\\/\\\/www.lamberetshop.com\\\/\",\"logo\":{\"@type\":\"ImageObject\",\"inLanguage\":\"en-GB\",\"@id\":\"https:\\\/\\\/www.lamberetshop.com\\\/#\\\/schema\\\/logo\\\/image\\\/\",\"url\":\"https:\\\/\\\/www.lamberetshop.com\\\/wp-content\\\/uploads\\\/2021\\\/08\\\/cropped-cropped-cropped-logo-lamberetshop.png\",\"contentUrl\":\"https:\\\/\\\/www.lamberetshop.com\\\/wp-content\\\/uploads\\\/2021\\\/08\\\/cropped-cropped-cropped-logo-lamberetshop.png\",\"width\":814,\"height\":134,\"caption\":\"Lamberet Shop\"},\"image\":{\"@id\":\"https:\\\/\\\/www.lamberetshop.com\\\/#\\\/schema\\\/logo\\\/image\\\/\"}}]}<\/script>\n<!-- \/ Yoast SEO plugin. -->","yoast_head_json":{"title":"Porte-cl\u00e9s en bois bleu Lamberet - Lamberet Shop","robots":{"index":"index","follow":"follow","max-snippet":"max-snippet:-1","max-image-preview":"max-image-preview:large","max-video-preview":"max-video-preview:-1"},"canonical":"https:\/\/www.lamberetshop.com\/en\/product\/porte-cles-en-bois-bleu-lamberet\/","og_locale":"en_GB","og_type":"article","og_title":"Porte-cl\u00e9s en bois bleu Lamberet - Lamberet Shop","og_description":"Porte cl\u00e9s au design de camion Dimension\u00a0: 2.9 x 7.1 x 0.6 cm Bois naturel Finition bicolore Porte-cl\u00e9 avec anneau et cha\u00eene m\u00e9tal Fabrication europe","og_url":"https:\/\/www.lamberetshop.com\/en\/product\/porte-cles-en-bois-bleu-lamberet\/","og_site_name":"Lamberet Shop","article_modified_time":"2026-01-09T09:11:54+00:00","og_image":[{"width":1600,"height":1600,"url":"https:\/\/www.lamberetshop.com\/wp-content\/uploads\/2025\/07\/porte-clef-2.png","type":"image\/png"}],"twitter_card":"summary_large_image","twitter_misc":{"Estimated reading time":"1 minute"},"schema":{"@context":"https:\/\/schema.org","@graph":[{"@type":"WebPage","@id":"https:\/\/www.lamberetshop.com\/produit\/porte-cles-en-bois-bleu-lamberet\/","url":"https:\/\/www.lamberetshop.com\/produit\/porte-cles-en-bois-bleu-lamberet\/","name":"Porte-cl\u00e9s en bois bleu Lamberet - Lamberet Shop","isPartOf":{"@id":"https:\/\/www.lamberetshop.com\/#website"},"primaryImageOfPage":{"@id":"https:\/\/www.lamberetshop.com\/produit\/porte-cles-en-bois-bleu-lamberet\/#primaryimage"},"image":{"@id":"https:\/\/www.lamberetshop.com\/produit\/porte-cles-en-bois-bleu-lamberet\/#primaryimage"},"thumbnailUrl":"https:\/\/www.lamberetshop.com\/wp-content\/uploads\/2025\/07\/porte-clef-2.png","datePublished":"2025-08-26T10:22:50+00:00","dateModified":"2026-01-09T09:11:54+00:00","breadcrumb":{"@id":"https:\/\/www.lamberetshop.com\/produit\/porte-cles-en-bois-bleu-lamberet\/#breadcrumb"},"inLanguage":"en-GB","potentialAction":[{"@type":"ReadAction","target":["https:\/\/www.lamberetshop.com\/produit\/porte-cles-en-bois-bleu-lamberet\/"]}]},{"@type":"ImageObject","inLanguage":"en-GB","@id":"https:\/\/www.lamberetshop.com\/produit\/porte-cles-en-bois-bleu-lamberet\/#primaryimage","url":"https:\/\/www.lamberetshop.com\/wp-content\/uploads\/2025\/07\/porte-clef-2.png","contentUrl":"https:\/\/www.lamberetshop.com\/wp-content\/uploads\/2025\/07\/porte-clef-2.png","width":1600,"height":1600},{"@type":"BreadcrumbList","@id":"https:\/\/www.lamberetshop.com\/produit\/porte-cles-en-bois-bleu-lamberet\/#breadcrumb","itemListElement":[{"@type":"ListItem","position":1,"name":"Accueil","item":"https:\/\/www.lamberetshop.com\/"},{"@type":"ListItem","position":2,"name":"Tous les produits","item":"https:\/\/www.lamberetshop.com\/elementor-370\/"},{"@type":"ListItem","position":3,"name":"Porte-cl\u00e9s en bois bleu Lamberet"}]},{"@type":"WebSite","@id":"https:\/\/www.lamberetshop.com\/#website","url":"https:\/\/www.lamberetshop.com\/","name":"Lamberet Shop","description":"Avec Lamberet, faites votre shopping","publisher":{"@id":"https:\/\/www.lamberetshop.com\/#organization"},"potentialAction":[{"@type":"SearchAction","target":{"@type":"EntryPoint","urlTemplate":"https:\/\/www.lamberetshop.com\/?s={search_term_string}"},"query-input":{"@type":"PropertyValueSpecification","valueRequired":true,"valueName":"search_term_string"}}],"inLanguage":"en-GB"},{"@type":"Organization","@id":"https:\/\/www.lamberetshop.com\/#organization","name":"Lamberet Shop","url":"https:\/\/www.lamberetshop.com\/","logo":{"@type":"ImageObject","inLanguage":"en-GB","@id":"https:\/\/www.lamberetshop.com\/#\/schema\/logo\/image\/","url":"https:\/\/www.lamberetshop.com\/wp-content\/uploads\/2021\/08\/cropped-cropped-cropped-logo-lamberetshop.png","contentUrl":"https:\/\/www.lamberetshop.com\/wp-content\/uploads\/2021\/08\/cropped-cropped-cropped-logo-lamberetshop.png","width":814,"height":134,"caption":"Lamberet Shop"},"image":{"@id":"https:\/\/www.lamberetshop.com\/#\/schema\/logo\/image\/"}}]}},"_links":{"self":[{"href":"https:\/\/www.lamberetshop.com\/en\/wp-json\/wp\/v2\/product\/2427","targetHints":{"allow":["GET"]}}],"collection":[{"href":"https:\/\/www.lamberetshop.com\/en\/wp-json\/wp\/v2\/product"}],"about":[{"href":"https:\/\/www.lamberetshop.com\/en\/wp-json\/wp\/v2\/types\/product"}],"version-history":[{"count":1,"href":"https:\/\/www.lamberetshop.com\/en\/wp-json\/wp\/v2\/product\/2427\/revisions"}],"predecessor-version":[{"id":2450,"href":"https:\/\/www.lamberetshop.com\/en\/wp-json\/wp\/v2\/product\/2427\/revisions\/2450"}],"wp:featuredmedia":[{"embeddable":true,"href":"https:\/\/www.lamberetshop.com\/en\/wp-json\/wp\/v2\/media\/2448"}],"wp:attachment":[{"href":"https:\/\/www.lamberetshop.com\/en\/wp-json\/wp\/v2\/media?parent=2427"}],"wp:term":[{"taxonomy":"product_brand","embeddable":true,"href":"https:\/\/www.lamberetshop.com\/en\/wp-json\/wp\/v2\/product_brand?post=2427"},{"taxonomy":"product_cat","embeddable":true,"href":"https:\/\/www.lamberetshop.com\/en\/wp-json\/wp\/v2\/product_cat?post=2427"},{"taxonomy":"product_tag","embeddable":true,"href":"https:\/\/www.lamberetshop.com\/en\/wp-json\/wp\/v2\/product_tag?post=2427"}],"curies":[{"name":"wp","href":"https:\/\/api.w.org\/{rel}","templated":true}]}}

Porte-clés en bois bleu Lamberet

<ul>
<li>Porte clés au design de camion</li>
<li>Dimension : 2.9 x 7.1 x 0.6 cm</li>
<li>Bois naturel</li>
<li>Finition bicolore</li>
<li>Porte-clé avec anneau et chaîne métal</li>
<li>Fabrication europe</li>
</ul>

<p>Porte clés au design de camion Dimension : 2.9 x 7.1 x 0.6 cm Bois naturel Finition bicolore Porte-clé avec anneau et chaîne métal Fabrication europe</p>

<!-- This site is optimized with the Yoast SEO plugin v27.5 - https://yoast.com/product/yoast-seo-wordpress/ -->
<title>Porte-clés en bois bleu Lamberet - Lamberet Shop</title>
<meta name="robots" content="index, follow, max-snippet:-1, max-image-preview:large, max-video-preview:-1" />
<link rel="canonical" href="https://www.lamberetshop.com/en/product/porte-cles-en-bois-bleu-lamberet/" />
<meta property="og:locale" content="en_GB" />
<meta property="og:type" content="article" />
<meta property="og:title" content="Porte-clés en bois bleu Lamberet - Lamberet Shop" />
<meta property="og:description" content="Porte clés au design de camion Dimension : 2.9 x 7.1 x 0.6 cm Bois naturel Finition bicolore Porte-clé avec anneau et chaîne métal Fabrication europe" />
<meta property="og:url" content="https://www.lamberetshop.com/en/product/porte-cles-en-bois-bleu-lamberet/" />
<meta property="og:site_name" content="Lamberet Shop" />
<meta property="article:modified_time" content="2026-01-09T09:11:54+00:00" />
<meta property="og:image" content="https://www.lamberetshop.com/wp-content/uploads/2025/07/porte-clef-2.png" />
	<meta property="og:image:width" content="1600" />
	<meta property="og:image:height" content="1600" />
	<meta property="og:image:type" content="image/png" />
<meta name="twitter:card" content="summary_large_image" />
<meta name="twitter:label1" content="Estimated reading time" />
	<meta name="twitter:data1" content="1 minute" />
<script type="application/ld+json" class="yoast-schema-graph">{"@context":"https:\/\/schema.org","@graph":[{"@type":"WebPage","@id":"https:\/\/www.lamberetshop.com\/produit\/porte-cles-en-bois-bleu-lamberet\/","url":"https:\/\/www.lamberetshop.com\/produit\/porte-cles-en-bois-bleu-lamberet\/","name":"Porte-clés en bois bleu Lamberet - Lamberet Shop","isPartOf":{"@id":"https:\/\/www.lamberetshop.com\/#website"},"primaryImageOfPage":{"@id":"https:\/\/www.lamberetshop.com\/produit\/porte-cles-en-bois-bleu-lamberet\/#primaryimage"},"image":{"@id":"https:\/\/www.lamberetshop.com\/produit\/porte-cles-en-bois-bleu-lamberet\/#primaryimage"},"thumbnailUrl":"https:\/\/www.lamberetshop.com\/wp-content\/uploads\/2025\/07\/porte-clef-2.png","datePublished":"2025-08-26T10:22:50+00:00","dateModified":"2026-01-09T09:11:54+00:00","breadcrumb":{"@id":"https:\/\/www.lamberetshop.com\/produit\/porte-cles-en-bois-bleu-lamberet\/#breadcrumb"},"inLanguage":"en-GB","potentialAction":[{"@type":"ReadAction","target":["https:\/\/www.lamberetshop.com\/produit\/porte-cles-en-bois-bleu-lamberet\/"]}]},{"@type":"ImageObject","inLanguage":"en-GB","@id":"https:\/\/www.lamberetshop.com\/produit\/porte-cles-en-bois-bleu-lamberet\/#primaryimage","url":"https:\/\/www.lamberetshop.com\/wp-content\/uploads\/2025\/07\/porte-clef-2.png","contentUrl":"https:\/\/www.lamberetshop.com\/wp-content\/uploads\/2025\/07\/porte-clef-2.png","width":1600,"height":1600},{"@type":"BreadcrumbList","@id":"https:\/\/www.lamberetshop.com\/produit\/porte-cles-en-bois-bleu-lamberet\/#breadcrumb","itemListElement":[{"@type":"ListItem","position":1,"name":"Accueil","item":"https:\/\/www.lamberetshop.com\/"},{"@type":"ListItem","position":2,"name":"Tous les produits","item":"https:\/\/www.lamberetshop.com\/elementor-370\/"},{"@type":"ListItem","position":3,"name":"Porte-clés en bois bleu Lamberet"}]},{"@type":"WebSite","@id":"https:\/\/www.lamberetshop.com\/#website","url":"https:\/\/www.lamberetshop.com\/","name":"Lamberet Shop","description":"Avec Lamberet, faites votre shopping","publisher":{"@id":"https:\/\/www.lamberetshop.com\/#organization"},"potentialAction":[{"@type":"SearchAction","target":{"@type":"EntryPoint","urlTemplate":"https:\/\/www.lamberetshop.com\/?s={search_term_string}"},"query-input":{"@type":"PropertyValueSpecification","valueRequired":true,"valueName":"search_term_string"}}],"inLanguage":"en-GB"},{"@type":"Organization","@id":"https:\/\/www.lamberetshop.com\/#organization","name":"Lamberet Shop","url":"https:\/\/www.lamberetshop.com\/","logo":{"@type":"ImageObject","inLanguage":"en-GB","@id":"https:\/\/www.lamberetshop.com\/#\/schema\/logo\/image\/","url":"https:\/\/www.lamberetshop.com\/wp-content\/uploads\/2021\/08\/cropped-cropped-cropped-logo-lamberetshop.png","contentUrl":"https:\/\/www.lamberetshop.com\/wp-content\/uploads\/2021\/08\/cropped-cropped-cropped-logo-lamberetshop.png","width":814,"height":134,"caption":"Lamberet Shop"},"image":{"@id":"https:\/\/www.lamberetshop.com\/#\/schema\/logo\/image\/"}}]}</script>
<!-- / Yoast SEO plugin. -->

Porte-clés en bois bleu Lamberet - Lamberet Shop

Porte clés au design de camion Dimension : 2.9 x 7.1 x 0.6 cm Bois naturel Finition bicolore Porte-clé avec anneau et chaîne métal Fabrication europe
